 + 7*g**2 + 10*g - 5. Let l be q(7). Suppose 0*z = z - l. Suppose 8 - 60 = -2*d. Calculate the highest common divisor of d and z.
13
Let n = -46 - -76. Let c = -50 + 70. What is the highest common factor of n and c?
10
Let v(g) = -9*g**3 - 2*g - 6. Let j be v(-2). What is the greatest common factor of 10 and j?
10
Let k = 4 + -3. Let v = k + 4. Let d be (v - 2)*(3 - 1). Calculate the highest common divisor of 42 and d.
6
Suppose -2*y = -4*i + 16 - 56, -5*i - 120 = -5*y. What is the highest common factor of 196 and y?
28
Suppose 5*m = 2*m + 21. Calculate the highest common factor of 7 and m.
7
Let b be 2*-1*(9 + -16). What is the greatest common factor of b and 112?
14
Let p = 4 + -1. Let j(x) = x**2 + 5*x - 4. Let b be j(p). What is the highest common factor of 30 and b?
10
Let k(s) = 5*s - 31. Let r be k(18). What is the highest common factor of 531 and r?
59
Suppose -5*z - 4 = -19. Let p(u) = 4*u + 4. Let k be p(z). Calculate the greatest common factor of 24 and k.
8
Suppose -5*x + 38 = 128. Let l = -8 - x. Suppose l = -2*z + 38. Calculate the greatest common divisor of 21 and z.
7
Let d(a) = -a + 8. Let h be d(6). Suppose 4*i + 4*q = 3*q + 3, -5*i + 7 = -2*q. What is the highest common divisor of h and i?
1
Let k be (16 + 5)*(2 - -1). Let v be (0 - -8)*1 - 1. Calculate the greatest common divisor of k and v.
7
Suppose 0 = 5*y - y + 24. Let k be 1/((y/(-10))/(-3)). Let o = k - -11. Calculate the greatest common factor of o and 6.
6
Suppose -4*o = -3*o - 15. Let m be (16/10)/(2/o). Let x = 46 - 38. Calculate the greatest common divisor of m and x.
4
Let r be 3/2*16/6. Let p = 19 - r. Calculate the highest common factor of p and 75.
15
Let v = 34 + 10. What is the highest common divisor of v and 11?
11
Suppose -4 = 2*r, 5*y - y - 4*r = 68. Let j = -106 - -116. What is the greatest common divisor of j and y?
5
Let m(b) = -b**3 + 6*b**2 - 6*b + 4. Let i be m(4). Let c be (-1)/4*(-16 + -8). What is the greatest common divisor of i and c?
6
Let m be 4/(-22) - ((-1755)/33 - -5). What is the greatest common factor of 16 and m?
16
Let g = -1 - -2. Suppose -x - k - 11 + g = 0, -k - 42 = 5*x. Let w = 12 - x. What is the highest common factor of w and 30?
10
Let v be (-1)/4 - 178/(-8). Suppose 2*u - 43 - 25 = 0. Let g = -23 + u. Calculate the highest common divisor of v and g.
11
Let h(l) = 2*l**2 + 8*l + 4. Suppose q - 2*k + 5 + 1 = 0, 0 = -2*k. Let u be h(q). Calculate the greatest common factor of u and 4.
4
Suppose 0*m + 2*m = 0. Suppose -2*i + 4 = -m*i. Let b = -30 + 52. Calculate the highest common factor of i and b.
2
Suppose 5*q - 3*b - 13 = 0, -11 = -2*q - 2*q + 3*b. Suppose -n - 99 = -q*n. What is the highest common factor of 11 and n?
11
Let k be -7*-4*12/56. Calculate the highest common factor of 9 and k.
3
Let g be (1*-3)/(2*(-15)/20). Calculate the highest common divisor of 1 and g.
1
Suppose 4*s - 3*s = 7. Let w(b) = -b**3 - 4*b**2 + 5*b + 5. Let o be w(-4). Let g = o + 22. Calculate the highest common divisor of s and g.
7
Let g(n) = n + 1. Let f be g(16). Let w = f + 43. Calculate the highest common divisor of w and 15.
15
Let y be (-4)/(-6) - (-22)/3. Calculate the greatest common factor of y and 40.
8
Let q(l) = 4*l. Let w be 1/3 + (-34)/(-6). Let k be q(w). What is the greatest common divisor of k and 16?
8
Suppose 0 = -2*w + 4*w + 4. Let j = 6 - w. Calculate the highest common divisor of 24 and j.
8
Suppose -5*y + 11 + 29 = 0. Let z(h) = -h - 12 - 2*h - h. Let u be z(-9). Calculate the highest common factor of y and u.
8
Suppose -u = -4*n - 1019, n + 1016 = u - 0*n. Suppose -2*x = 3*x - u. Calculate the highest common divisor of x and 29.
29
Let a be 2/(-4) - (-20)/(-8). Let k be 8 + -1 + 0 + a. Calculate the highest common factor of k and 4.
4
Let z(k) = -10*k + 1. Let q be z(-1). Let b be q + (-2)/(-2) - 2. Let t = -106 + 116. Calculate the highest common divisor of b and t.
10
Let s be (2/4)/(7/126). What is the greatest common divisor of s and 99?
9
Let d(g) = -10*g - 20. Let k be d(-7). What is the greatest common factor of k and 5?
5
Let d be 1*2 + -4 + 6. Suppose -39 + 143 = d*h. What is the greatest common divisor of 13 and h?
13
Let i(n) = n**3 + 5*n**2 - 6*n + 8. Let l be i(-6). Suppose -12 = -53*q + 50*q. Calculate the greatest common factor of q and l.
4
Let x(v) = -v**3 - 10*v**2 + 6. Let w be x(-10). Calculate the greatest common divisor of w and 6.
6
Suppose 0 = -k - 4*w + 46, 2*k - 3*w + 5 - 42 = 0. Let u = 103 - 38. What is the greatest common factor of u and k?
13
Suppose 0 = -b + 4*b - 3. What is the highest common factor of b and 4?
1
Let m be (-52)/5 + 3/(-5). Let j be (-7 - m)*(-9)/(-4). Let o be (9/(-4))/((-1)/4). Calculate the highest common divisor of o and j.
9
Suppose 5*j + 4*k = -1 + 226, 2*k = 2*j - 90. Calculate the greatest common factor of j and 15.
15
Suppose -4*y + 4*m = 5*m - 49, -5*m = y + 2. Calculate the highest common factor of y and 65.
13
Let i be 10 - 4*(-3)/(-6). Let a = i - 5. Suppose -l - a = -4*d, 0*l - 3*l = 5*d - 8. What is the greatest common factor of 1 and d?
1
Let v be (-2)/(-7) + 276/14. Let y = 23 - -27. What is the greatest common factor of y and v?
10
Let m be (23/(115/(-42)))/((-6)/20). Calculate the highest common factor of m and 7.
7
Let q be (-1*6)/3*2. Suppose 3*f = -2*f + 5. Let x be q/(-2) - (f - 14). What is the highest common divisor of x and 5?
5
Let r be 3384/(-15) - (-3)/5. Let y be (-3 - -1)/(10/r). Calculate the greatest common divisor of 18 and y.
9
Suppose 2*q + 0*q + 2*n = 48, 28 = q - n. Let f(u) = 2*u**2 - 5. Let w be f(3). Let z be ((-2 - -4)*w)/1. What is the greatest common factor of z and q?
26
Let f(g) = -g**3 + 5*g**2 + 4*g - 5. Let z be f(5). Calculate the highest common factor of 10 and z.
5
Let l be (20 - 21) + (-14)/(-1). Calculate the greatest common factor of 13 and l.
13
Let g = -121 - -131. What is the greatest common factor of g and 170?
10
Suppose 22 = 4*j + 6. Suppose 0 = -2*a - j + 6, 0 = -4*o - a + 153. What is the greatest common factor of o and 19?
19
Let u(o) = -o**2 + 6*o + 3. Let m be u(6). Suppose 0 = 2*v + g - 3*g - 28, 0 = -m*v - g + 50. Calculate the greatest common divisor of v and 16.
16
Suppose -5*f + 1 = 3*n, -5*f - 1 = 5*n + 4. Let j be 2/2 - n*1. Suppose 4*a = 2 + 2. What is the highest common divisor of a and j?
1
Let v be 30/8*(-48)/(-18). Suppose -5*d = -2*m + 165, 3*m - 3*d - 116 = 127. What is the greatest common divisor of v and m?
10
Let d(u) = -3*u - 7. Let t be d(-4). Calculate the highest common factor of t and 20.
5
Suppose 18 = 2*q - q. Let v be (12/10)/(1/5). What is the highest common divisor of v and q?
6
Suppose 103 = 5*y + q - 0*q, 5*q = y - 5. Let m = -7 - -9. Suppose -5*v = -m*h - 248, -v - 32 = -2*h - 80. What is the greatest common factor of v and y?
10
Suppose 8 = j - 6. Suppose -74 + j = -4*l. What is the greatest common factor of 120 and l?
15
Let d = 4 - 1. Suppose 3*r - 5*j = 25, 4*j - 3*j = d*r - 29. Let t be (-72)/(-10) - 2/r. Calculate the highest common divisor of 14 and t.
7
Let d(j) = 2*j**2 - j - 3. Let m be d(-4). What is the greatest common factor of 22 and m?
11
Let i = 1 - 14. Let p be (-3 + i/(-3))*12. What is the greatest common factor of p and 24?
8
Let v = -1 + 5. Suppose -3*y - 145 = -v*u, 6*u + 4*y = 2*u + 180. Let r(d) = -d**2 - 9*d - 8. Let i be r(-6). Calculate the greatest common divisor of u and i.
10
Suppose 4*r - 2*r - 4 = 0, 5*b + r = -3. Let p be ((-9)/b)/(-3) - -11. What is the greatest common divisor of 40 and p?
8
Let a be -7 + 1 + -3 + 48. What is the highest common factor of 13 and a?
13
Suppose -x = -h - 11 - 13, 0 = 5*h - 20. What is the greatest common factor of x and 4?
4
Let h be 218/6 - (-20)/(-60). Calculate the highest common divisor of h and 4.
4
Suppose 72*o - 75*o + 18 = 0. Let i(j) = -15*j**3 - 4*j**2 - 3*j - 2. Let y be i(-2). Suppose -2*d + 4*d - y = 0. What is the highest common factor of d and o?
6
Let d = -24 + 15. Let p be (21/(-2))/(d/12). What is the greatest common divisor of 2 and p?
2
Suppose -3*g + 18 = 4*r - 2*r, 0 = -4*r + 4*g - 4. Calculate the highest common divisor of r and 15.
3
Let h(g) be the first derivative of g**3/3 + g**2/2 + 117*g - 3. Let j be h(0). Calculate the highest common factor of 13 and j.
13
Let d be (-8)/36 + (-704)/(